en q(2) is divided by 8.
6
Suppose -3*s + 4*s + 4*m - 10 = 0, 23 = 3*s + 5*m. Let h(p) = -3*p + 16. Calculate the remainder when h(0) is divided by s.
4
Suppose 129 = 5*b - 66. Suppose 2*k + k = b. What is the remainder when 37 is divided by k?
11
Suppose 0 = -13*w + 688 - 77. Calculate the remainder when w is divided by 12.
11
Calculate the remainder when 25 is divided by 408/42 + 10/35.
5
Let k = 15 + -8. Let x be (24/4)/2 - 4. Let n(p) = -5*p - 1. What is the remainder when k is divided by n(x)?
3
Let t be -1*1 + (13 - 10). What is the remainder when (-192)/(-9) - t/(-3) is divided by 6?
4
Let t(d) = -d + 2. Let f be 59/4 - 1/(-4). Suppose 0 = -3*j - 0*j + f. What is the remainder when t(-6) is divided by j?
3
Suppose 92 = 2*g - 4*z, -5*g + 59 + 115 = 4*z. What is the remainder when g is divided by 10?
8
Calculate the remainder when 91 is divided by 90/4 + 15/30.
22
Let p = 101 + -85. What is the remainder when 46 is divided by p?
14
Let x(u) = -u**3 + 6*u**2 - 7*u + 6. Let o(d) = d**3 - 3*d**2 + 4*d - 2. Let j be o(2). Suppose -j*k = -k - 19. What is the remainder when k is divided by x(4)?
9
Suppose 6 = -2*t + 18. Calculate the remainder when 11 is divided by t.
5
Suppose -4*t - a + 33 = -2*a, 41 = 5*t - a. What is the remainder when 20 is divided by t?
4
Suppose 6*u = 2*u - 2*b + 14, 5*u - 3*b = 1. Suppose u*p = 99 - 17. What is the remainder when p is divided by 14?
13
Let t = -1 + 1. Let c = t - -8. Calculate the remainder when 22 is divided by c.
6
Calculate the remainder when (-4)/18 + (-2752)/(-72) is divided by 13.
12
Suppose -49 = -0*l - l. Let z = l + -15. Calculate the remainder when z is divided by 12.
10
Let h(s) = 4*s - 14. What is the remainder when h(7) is divided by 3 - 1*(-2 - -1)?
2
Suppose 6*n + 35 = n. Let i = -2 - n. Suppose -9 = j + 4*b, -4*b - 55 = -i*j - 4. Calculate the remainder when 20 is divided by j.
6
Let v = -20 + 35. Let c = 28 + -20. What is the remainder when v is divided by c?
7
Let t(y) = -63*y + 10. What is the remainder when t(-2) is divided by 28?
24
Suppose -2*m + 4 = -0*m. What is the remainder when m/(-2) - (-20 + -3) is divided by 6?
4
Let d(f) = -f - 2. Let q be d(-6). Suppose 2*l + 12 = q*l. Calculate the remainder when l is divided by (4/5)/((-2)/(-10)).
2
Let h(f) = 2*f**3 - f**2 + 3*f - 3. Suppose -22 - 18 = -5*t. Calculate the remainder when h(2) is divided by 2*(-2)/t*-16.
7
Let c be 90/4*26/13. Suppose 6*q - c = 3*q. Calculate the remainder when 43 is divided by q.
13
Let n(a) = -a**2 + 4*a. Let y be n(3). Suppose -y = -4*f + 1. Calculate the remainder when 20 is divided by 2 + 1*(f + 4).
6
Calculate the remainder when (9/(-9))/((-2)/100) is divided by 13.
11
Suppose 134 = f + 5*w, 4*f - 451 - 16 = 3*w. Calculate the remainder when f is divided by 30.
29
Let i(o) = 3*o. What is the remainder when 41 is divided by i(7)?
20
Let y be -1 - -5 - (1 - -6). Let q = 4 - y. Calculate the remainder when 20 is divided by q.
6
Suppose 2 = -3*w + 4*w. Let k be (-4 - -3) + (-4 - w). Let b = 12 + k. What is the remainder when 14 is divided by b?
4
Suppose 0 = 7*n - 3*n - 36. Calculate the remainder when 33 is divided by n.
6
Suppose 11*x - 1360 = 807. Calculate the remainder when x is divided by 33.
32
Suppose 93 = 3*k - 54. Calculate the remainder when k is divided by 13.
10
Let z = -89 - -252. Let t = z + -96. What is the remainder when t is divided by 23?
21
Suppose -2*r = x - 8 - 12, -x + 24 = 4*r. What is the remainder when x is divided by (45/2)/5*(-10)/(-5)?
7
Let r(c) = 3*c**2 - 2*c - 2. Let l(b) be the second derivative of b**5/20 + b**4/6 - b**3/2 + b**2/2 - b. Calculate the remainder when r(-3) is divided by l(2).
9
Suppose -3*t + 36 = -9. Suppose 4*c = 5*m - 148, 2*c = -5*m + 38 + 98. Calculate the remainder when m is divided by t.
13
Let c(h) = 35*h + 109. Calculate the remainder when (-2 + -8)/(2/(-2)) is divided by c(-3).
2
Let l = 54 + -11. Calculate the remainder when l is divided by 22.
21
Suppose -22 = -0*p - 2*p. Let c = -5 - -7. Suppose 0*b = c*b - 40. What is the remainder when b is divided by p?
9
Suppose 4*m = -4*a + 36, 3*a = -2*m + m + 15. What is the remainder when 52 is divided by m?
4
Suppose -y - 25 = -5*x, 2*y + 2*y - 26 = -x. Calculate the remainder when 16 is divided by x.
4
Let k(w) = w**3 - 4*w**2 - 5*w + 3. Let d be k(5). Let c(g) = -3 + 1 - 1 - d - 3*g. Calculate the remainder when 9 is divided by c(-4).
3
Let n be 4/(-3)*3/(-2). Suppose -159 = -q - n*q. Let w = 34 - 16. What is the remainder when q is divided by w?
17
Let a = 454 - 189. Suppose -2*n = 3*n - a. Let x(v) = -v**2 + 14*v - 10. Calculate the remainder when n is divided by x(12).
11
Suppose 22 = -3*r + 5*r. Calculate the remainder when r is divided by 7.
4
Let i(u) = -u**2 - 7*u - 7. Let h(m) = m + 1. Let g be h(1). Suppose -2*c = 3*w + 25, g*c + w = 4*c + 5. Calculate the remainder when i(c) is divided by 2.
1
Let i(b) = -3*b**2 - 5 + b + 4*b**2 - 3*b. Let h be i(4). Suppose 7*s - 36 = h*s. What is the remainder when 26 is divided by s?
8
Suppose 0*f - 4*f = -40. Let k be (-1)/3 - 92/(-6). Let v = 33 - k. What is the remainder when v is divided by f?
8
Suppose -5*m + m - f + 32 = 0, 3*f - 33 = -3*m. What is the remainder when 69 is divided by m?
6
Suppose 3*p = 6*p + 54. Let j be -2*(p/4 + 3). What is the remainder when 25 is divided by j*1*(-112)/(-24)?
11
Let q = -32 - -56. What is the remainder when 2/(-6) - 272/(-6) is divided by q?
21
Suppose -5*m - 2*d - 141 = -4*d, 5*m - 5*d + 150 = 0. Suppose 10 = -a + 30. Calculate the remainder when a is divided by m/(-4) + (-7)/(-28).
6
Suppose -7*k = -3*k - 52. Let g be (-60)/(-25) + 2/(-5). Suppose q + g*q - 72 = 0. What is the remainder when q is divided by k?
11
Suppose 5 = -4*f - 19. Let v = 11 + f. Let b = 15 - 6. Calculate the remainder when b is divided by v.
4
What is the remainder when -3 - (-25)/10 - (-179)/2 is divided by 19?
13
Calculate the remainder when (4 - (-2 + -22)) + -2 is divided by 9.
8
What is the remainder when 231/18 + (-10)/(-60) is divided by 3?
1
Suppose -4*x - 4*z - 20 = -2*x, -3*x = 3*z + 30. Let o = -5 - x. Calculate the remainder when 9 is divided by o.
4
Suppose 0 = r - 5*w - 23, -5*r + w + 3 = 4*w. Suppose 2 = j + 3. What is the remainder when r is divided by 1 - 0 - (0 + j)?
1
Suppose -3*h + 75 = 5*x, 3*x = 3*h - 2 - 97. What is the remainder when 117 is divided by h?
27
Suppose -2*p + 7 - 3 = 0. Let j = 150 + -144. What is the remainder when j is divided by p?
0
Let t(k) = k**2 + 3*k + 6. Let l be t(-5). Suppose 51 - l = 5*w. Calculate the remainder when 12 is divided by w.
5
Let m be 4 - (-5)/((-10)/(-4)). What is the remainder when 13 is divided by m*1/(9/12)?
5
Let d = -5 + 47. What is the remainder when 124 is divided by d?
40
Suppose 5*u = 3 + 2. Suppose -p + u = -0. Calculate the remainder when 45 is divided by 136/6 - p/(-3).
22
Let g be (-2)/((-2)/1)*3. Suppose 0*n - 15 = -g*n. Calculate the remainder when n is divided by 2/9 - 96/(-54).
1
Let t = 5 + -1. Suppose t*m - 113 = 3*d, 3*m + 4*d - 69 = d. Calculate the remainder when 51 is divided by m.
25
Suppose 0 = -c - 0 + 12. What is the remainder when 23 is divided by c?
11
Let i(k) = -10*k - 7. Calculate the remainder when i(-4) is divided by 9.
6
Let t be 5 - (4/2)/1. Suppose 2*u + 10 = 0, 5*f - 65 = -t*u - 0*u. Suppose -25 + 4 = -4*a + n, -2*a = -3*n - 3. Calculate the remainder when f is divided by a.
4
Suppose -5*m + m = -16. Let x(r) = 3*r + 14 - 2 - 9 - 2. Calculate the remainder when 37 is divided by x(m).
11
Suppose 2*v - 4*p = 0, 4*p + 14 = -v - p. Let i(o) = o**2 - 8. What is the remainder when 13 is divided by i(v)?
5
Let u = 18 + -9. Let k(g) = -g**2 + 7*g + 2. Let a be k(u). Let x = 38 + a. What is the remainder when x is divided by 8?
6
Suppose -3*k = 3*t - 6, 3*t - 4*k + k = -6. Suppose t*u + 2*u - 12 = 0. What is the remainder when u is divided by 4?
2
Suppose -7*b + 3*b + 68 = 0. Let v be -7*2/28*-4. Suppose -v = -5*g + 13, -s + 6 = -g. Calculate the remainder when b is divided by s.
8
Calculate the remainder when (-12 + 6)*11/(-2) is divided by 7.
5
Suppose 0 = 4*o - o - 108. What is the remainder when 142 is divided by o?
34
Let v be 0 - (-40)/(0 - -4). Calculate the remainder when 139 is divided by (v/(-4))/(1/(-14)).
34
Let x = -18 + 20. C